 Suppose k = -5*z + 7*z + 54. Let g = z + 48. What is the tens digit of g?
2
Suppose 0 = 4*g - 32 - 0. What is the tens digit of (1 + 44/g)*-1*-6?
3
Let q = -33 + 21. Let l(w) = -4*w**3 + 26*w**2 - 36*w + 2. Let c(i) = i**3 - 9*i**2 + 12*i - 1. Let a(y) = -7*c(y) - 2*l(y). What is the units digit of a(q)?
3
Suppose c = 8*c - 70. Let n(m) = m**2 - 10*m + 17. What is the units digit of n(c)?
7
Suppose 12557 = 21*o + 8*o. What is the units digit of o?
3
Suppose 0 = -y - 3 + 4. Let b be y - -10 - (16 + -14). Let l = 4 + b. What is the tens digit of l?
1
What is the units digit of (-2)/(-10) - (-39681)/45?
2
Let p(g) = 107*g**2 + g + 2. Let f be p(-1). Suppose 0 = 5*n + f + 212. What is the tens digit of -4 + n/(-4 + 0)?
1
What is the thousands digit of (354/9 + -4)/(2/174)?
3
Let d(c) = -c**2 - 8*c - 3. Let g be d(-7). Suppose 44 + g = 4*m. What is the tens digit of m?
1
Let j = -501 - -708. What is the hundreds digit of j?
2
Let u be (-54915)/(-135) + (-4)/(-18). What is the tens digit of 45/(-18) + u/2?
0
Let j(o) = o**3 - 16*o**2 + 3*o. What is the tens digit of j(16)?
4
Suppose -42 + 6 = -9*m. Suppose -m*c = 8*q - 4*q - 220, 0 = 2*q - 4*c - 128. What is the tens digit of q?
5
Suppose -5*v = v. Let a(z) = z + 30. What is the units digit of a(v)?
0
Let l be 16/(-104) - (-82)/26. Suppose v - l*v + 5*u = -15, 5*v - 23 = -2*u. Suppose -2 = -3*y + 2*k + 41, -v*y + 80 = -5*k. What is the tens digit of y?
1
Let u(z) = -2*z**2 + z - 8. Let y(n) = n**2 + n + 1. Let f(w) = u(w) + y(w). Let c be f(-6). Let j = -22 - c. What is the units digit of j?
3
Suppose -5*m - 3*m = -1984. Let p = m - 163. What is the tens digit of p?
8
Suppose 4*b - 10316 = -2*o, -2*b + 2*o = 7*o - 5158. What is the units digit of b?
9
Let v(w) = -2*w**2 + 14*w + 3. Let y be v(7). Let d = -117 + 266. What is the tens digit of d/y - 2/(-6)?
5
Let q = 9 - 40. Let s = q - -33. Suppose -2*z - w + 83 = 0, 135 = 3*z - s*w + 7*w. What is the units digit of z?
0
Suppose -128253 = -46*s - 13667. What is the thousands digit of s?
2
Let b be 4 - 1/((-2)/(-2)). Let h(u) be the first derivative of u**4/4 - 2*u**3/3 + u**2/2 + 4*u + 12. What is the units digit of h(b)?
6
Suppose -2*i + 2*w - 82 = 0, i - 4*w + 36 = -2*w. Let v be (-3)/(-1) + i + -1. Let o = v - -117. What is the units digit of o?
3
Let r = 571 + 1039. What is the hundreds digit of r?
6
Suppose 4*u + 18*s = 22*s + 344, -5*u + 2*s = -424. Suppose m = 2*c - 5, 2*m + 1 - 3 = c. Suppose m*d - u = -d. What is the tens digit of d?
2
Let w(x) = 3*x + 34. Let h be w(0). Suppose h = j - 4*s, 3*j - 66 = 5*s + 57. What is the tens digit of j?
4
Let k = -4531 - -9132. What is the thousands digit of k?
4
Suppose 9*b = 12*b + 456. What is the tens digit of (b/(-6))/((-9)/(-27))?
7
What is the hundreds digit of (5/10)/(29375/9790 - 3)?
9
Let x be 70/56 + 183/4. Let j = x - 26. What is the tens digit of j?
2
What is the tens digit of 5/((-50)/(-8)) - (-1264)/20?
6
Let c = -162 + 173. Suppose 0 = -c*a + 2368 + 261. What is the hundreds digit of a?
2
Let d = 41 - 40. Suppose -4*n = -3*p + 33, 4*p = -3*n + 3 - 34. What is the units digit of (-57)/n + d/(-3)?
6
Suppose -h + 0*h = -7. Suppose -h - 8 = 5*y. What is the units digit of (-2)/(4/(-22)) - y?
4
Let h = -97 + 497. What is the tens digit of h?
0
Let n(l) be the third derivative of l**5/15 - l**4/8 + l**3/6 + 3*l**2. Let h be n(3). What is the tens digit of (h - 7) + (1 - 0)?
2
Let v(w) = -18 + 3 - 5 - 4*w. Let j(k) = k + 5. Let m(g) = 9*j(g) + 2*v(g). What is the units digit of m(-4)?
1
What is the thousands digit of (0 - -2) + 5747 + (-16)/1?
5
Let r = -33 + 38. Suppose 72 = u - 5*p, r*p + 243 = -0*u + 4*u. What is the units digit of u?
7
Let k = -77 - -1120. What is the units digit of k?
3
Let x(w) = 155*w**2 - 2*w + 3. Suppose n - 4 = 3*z - 2, n - 8 = -3*z. What is the units digit of x(z)?
6
What is the tens digit of 218956/95 - (-18)/15?
0
Let l(c) = -3*c**3 + 55*c**2 + 505*c - 12. What is the tens digit of l(-10)?
3
Suppose -3*j = -2*s + 19, -2 - 11 = j - 2*s. What is the tens digit of (-1)/(j + 2950/985)?
9
Let j be 3/12 - 19/(-4). Suppose -x = 3*p - 15, 0 = j*x - 2*p - 9 + 2. Suppose x*i + 0 - 39 = 0. What is the tens digit of i?
1
Let u = 2839 - 1911. What is the hundreds digit of u?
9
Let v(a) = -12*a - 8. Let s be v(-1). Suppose 5*h = -3*x + 73, -4*h + 139 = s*x + x. What is the units digit of x?
1
Suppose -217 = -5*o + v, 26*v - 31*v - 10 = 0. What is the units digit of o?
3
Suppose -2*m = -5*l - 12 + 4, -5*m + 20 = 5*l. Suppose 3*n - 2*n - 4 = l. Let o(w) = w**3 - 3*w**2 + 4*w + 1. What is the tens digit of o(n)?
3
Suppose -4*d + 7 + 1 = 0. Suppose 4*l - 7*g = -3*g, -g = l + d. What is the units digit of 3*l + -1 + 6?
2
Let p(q) = -q**3 + 33*q**2 - 52. What is the tens digit of p(31)?
7
Let y be (-3 - 21)*3/(-4). Suppose -3*x - y = -6. Let q = x - -8. What is the units digit of q?
4
Let k(f) = -4*f - 46. Let i be (8 - 10)/((1*-1)/(-10)). What is the tens digit of k(i)?
3
Let l be (2*1)/(12/(-126)). Suppose 3*q - 5*q = 12. What is the units digit of 306/42 - q/l?
7
Let h = -6771 - -11511. What is the tens digit of h?
4
Suppose -7*j = -4*j + d - 142, 3*j - d - 146 = 0. What is the units digit of j?
8
Let s(z) = -2*z**2 - 60*z + 37. Let o be s(-31). Suppose 5*k = 54 - 19. What is the tens digit of (3 - k)*-1 - o?
2
Let c = 923 - 312. Let o be (0 + -3)*-1 - c. What is the tens digit of 2/7 + o/(-28)?
2
Let a be -20*((-15)/80)/((-3)/(-12)). Let o = 37 - a. What is the tens digit of o?
2
Let n = -1956 - -3720. What is the thousands digit of n?
1
Let g(c) = -10*c - 22. Suppose -3*p - 15 = 12. What is the units digit of g(p)?
8
Let a = 11 + -7. Suppose -u + 11 + a = 0. Suppose -34 = -3*s + p - 0*p, -s + 4*p = -u. What is the tens digit of s?
1
Suppose -457 = -i - 3*y - 2*y, 4*i = -5*y + 1828. What is the tens digit of i?
5
Let t(c) = c - 6. Let w be t(-4). What is the units digit of w/35 - (-457)/7?
5
Let r(d) = d**3 - 13*d**2 + 12*d - 18. Let w be r(12). What is the tens digit of w/((-2)/(-8) + -3 + 2)?
2
Let z(r) = r**2 - 8*r. Let n(y) = 3*y**2 - 23*y - 1. Let c(k) = 3*n(k) - 8*z(k). Let l be c(4). Let o(f) = -5*f - 8. What is the tens digit of o(l)?
2
Let i(y) = 9*y**3 - 8*y**2 - 21*y + 31. Let r(v) = 5*v**3 - 4*v**2 - 11*v + 15. Let b(h) = 4*i(h) - 7*r(h). What is the units digit of b(7)?
7
Let d(y) = 0*y + y - y + 7*y - 2. What is the tens digit of d(3)?
1
Let f(c) = -c**3 + 9*c**2 + 12*c - 15. Let z be f(10). Suppose 7*a = 6*a + z. Let p(k) = k**2 - 2*k - 9. What is the units digit of p(a)?
6
Let t(a) = -6*a**3. Let y(g) = g - 2. Let q be y(4). Let z = 1 - q. What is the units digit of t(z)?
6
Let a = 45 + -65. Let x(v) = -v**3 - 21*v**2 - 26*v + 7. What is the tens digit of x(a)?
2
Let a(o) = -49*o + 11. Let j be a(-6). Suppose -3*u - 210 = -3*p, 4*p - j = -p - 4*u. What is the units digit of p?
5
Suppose 41*v - 39*v = 38. What is the tens digit of v?
1
Let r be (8/(-6))/((-3)/(-9)). Let a be (-4)/(3 + r) + -81. Let p = -53 - a. What is the units digit of p?
4
Let h be (8/3)/(18/135). Let a = 7 + h. What is the units digit of a?
7
Let q = -20 - -25. Suppose 2*o - 4*k - 6 - 22 = 0, 0 = -q*o - k + 15. Suppose 0 = 4*l - 5*d - 36, d = o*l + 3*d - 64. What is the tens digit of l?
1
Let y = -48 - -63. Suppose -4*v - 4*q = -40, y = 4*q + 3. What is the units digit of v?
7
Let w be 69/18*158 - (-1)/3. Suppose w = x + 5*x. What is the hundreds digit of x?
1
Let v be 0*((-24)/(-9) - 3). Suppose v = -6*z + 3*z + 123. What is the tens digit of z?
4
Suppose 0 = 8*y - 10*y. Suppose 12*a - 3*a - 1197 = y. What is the units digit of a?
3
Let m = -1768 + 1116. What is the tens digit of m/((-4)/1) - -5?
6
Let o(b) = 84*b - 5. Let r be o(4). Suppose 3*f = -25 + r. Suppose 5*t = 123 + f. What is the tens digit of t?
4
Let h(i) = 15*i + 7. Let r be h(-5). Let l = 51 - r. What is the tens digit of 3/6 + l/2?
6
Suppose o - 7 = -1. Let b be (-9)/6 + (-3)/o. What is the units digit of (b/(-3))/((-2)/(-3))?
1
Let d(i) = 12*i**2 + 37*i - 6. What is the units digit of d(-5)?
9
Let n(b) = -228*b - 22. What is the hundreds digit of n(-4)?
8
Let s(q) = q**3 - 7*q**2 - 10*q - 4. Let t be s(8). What is the tens digit of 118 + ((-4)/t - (-1)/(-5))?
1
Let o = 1263 - 867. What is the units digit of o?
6
Let b(x) =